he prime factors of 2167?
11, 197
What are the prime factors of 75081?
3, 29, 863
List the prime factors of 1155.
3, 5, 7, 11
What are the prime factors of 2992?
2, 11, 17
What are the prime factors of 1136?
2, 71
What are the prime factors of 1432?
2, 179
What are the prime factors of 10243?
10243
List the prime factors of 1264.
2, 79
What are the prime factors of 2164?
2, 541
List the prime factors of 3460.
2, 5, 173
What are the prime factors of 48820?
2, 5, 2441
List the prime factors of 15228.
2, 3, 47
What are the prime factors of 6735?
3, 5, 449
What are the prime factors of 36782?
2, 53, 347
List the prime factors of 2864.
2, 179
List the prime factors of 23038.
2, 11519
What are the prime factors of 8538?
2, 3, 1423
List the prime factors of 3050.
2, 5, 61
List the prime factors of 11950.
2, 5, 239
List the prime factors of 439.
439
What are the prime factors of 4180?
2, 5, 11, 19
List the prime factors of 10911.
3, 3637
What are the prime factors of 4220?
2, 5, 211
List the prime factors of 192241.
7, 29, 947
What are the prime factors of 12065?
5, 19, 127
What are the prime factors of 10126?
2, 61, 83
List the prime factors of 2165.
5, 433
What are the prime factors of 38980?
2, 5, 1949
What are the prime factors of 39406?
2, 17, 19, 61
What are the prime factors of 71983?
71983
What are the prime factors of 1484?
2, 7, 53
List the prime factors of 269.
269
List the prime factors of 711.
3, 79
List the prime factors of 21.
3, 7
List the prime factors of 14214.
2, 3, 23, 103
What are the prime factors of 26050?
2, 5, 521
What are the prime factors of 101970?
2, 3, 5, 11, 103
List the prime factors of 6786.
2, 3, 13, 29
What are the prime factors of 6129?
3, 227
List the prime factors of 12.
2, 3
List the prime factors of 5049.
3, 11, 17
What are the prime factors of 987?
3, 7, 47
What are the prime factors of 2594?
2, 1297
What are the prime factors of 75274?
2, 61, 617
List the prime factors of 5236.
2, 7, 11, 17
What are the prime factors of 19084?
2, 13, 367
List the prime factors of 51787.
51787
What are the prime factors of 1358?
2, 7, 97
List the prime factors of 8782.
2, 4391
List the prime factors of 2300.
2, 5, 23
List the prime factors of 2141.
2141
What are the prime factors of 16396?
2, 4099
What are the prime factors of 1307?
1307
What are the prime factors of 2773?
47, 59
What are the prime factors of 41?
41
What are the prime factors of 1194?
2, 3, 199
List the prime factors of 1640.
2, 5, 41
List the prime factors of 17697.
3, 17, 347
What are the prime factors of 11075?
5, 443
List the prime factors of 41814.
2, 3, 23, 101
List the prime factors of 43377.
3, 19, 761
List the prime factors of 13099.
13099
What are the prime factors of 35355?
3, 5, 2357
What are the prime factors of 6837?
3, 43, 53
What are the prime factors of 1941?
3, 647
List the prime factors of 35811.
3, 23, 173
List the prime factors of 11406.
2, 3, 1901
What are the prime factors of 12743?
12743
List the prime factors of 22134.
2, 3, 7, 17, 31
What are the prime factors of 468?
2, 3, 13
What are the prime factors of 1967?
7, 281
What are the prime factors of 65400?
2, 3, 5, 109
What are the prime factors of 1186?
2, 593
What are the prime factors of 61278?
2, 3, 7, 1459
What are the prime factors of 703?
19, 37
What are the prime factors of 59877?
3, 6653
What are the prime factors of 1732?
2, 433
List the prime factors of 16398.
2, 3, 911
What are the prime factors of 4092?
2, 3, 11, 31
List the prime factors of 38406.
2, 3, 37, 173
List the prime factors of 2130.
2, 3, 5, 71
What are the prime factors of 67159?
239, 281
What are the prime factors of 5340?
2, 3, 5, 89
List the prime factors of 12749.
11, 19, 61
List the prime factors of 29520.
2, 3, 5, 41
List the prime factors of 4744.
2, 593
List the prime factors of 4570.
2, 5, 457
What are the prime factors of 4845?
3, 5, 17, 19
List the prime factors of 24288.
2, 3, 11, 23
What are the prime factors of 57532?
2, 19, 757
List the prime factors of 4068.
2, 3, 113
List the prime factors of 198.
2, 3, 11
What are the prime factors of 423?
3, 47
What are the prime factors of 217?
7, 31
What are the prime factors of 91028?
2, 7, 3251
What are the prime factors of 12198?
2, 3, 19, 107
What are the prime factors of 53961?
3, 17987
List the prime factors of 5422.
2, 2711
List the prime factors of 7809.
3, 19, 137
What are the prime factors of 1952?
2, 61
What are the prime factors of 35188?
2, 19, 463
List the prime factors of 39979.
39979
What are the prime factors of 52002?
2, 3, 107
What are the prime factors of 2073?
3, 691
List the prime factors of 14994.
2, 3, 7, 17
List the prime factors of 6340.
2, 5, 317
List the prime factors of 23977.
23977
What are the prime factors of 432?
2, 3
What are the prime factors of 1597?
1597
What are the prime factors of 24266?
2, 11, 1103
List the prime factors of 18019.
37, 487
List the prime factors of 852.
2, 3, 71
What are the prime factors of 48806?
2, 23, 1061
List the prime factors of 2056.
2, 257
List the prime factors of 16284.
2, 3, 23, 59
What are the prime factors of 14362?
2, 43, 167
What are the prime factors of 3115?
5, 7, 89
What are the prime factors of 655?
5, 131
List the prime factors of 87153.
3, 11, 19, 139
What are the prime factors of 12643?
47, 269
List the prime factors of 11033.
11, 17, 59
What are the prime factors of 3598?
2, 7, 257
What are the prime factors of 2445?
3, 5, 163
What are the prime factors of 1739?
37, 47
What are the prime factors of 768?
2, 3
What are the prime factors of 1151?
1151
List the prime factors of 255.
3, 5, 17
What are the prime factors of 31526?
2, 11, 1433
List the prime factors of 19214.
2, 13, 739
List the prime factors of 1897.
7, 271
List the prime factors of 9359.
7, 191
What are the prime factors of 629?
17, 37
What are the prime factors of 17243?
43, 401
What are the prime factors of 52986?
2, 3, 8831
What are the prime factors of 6727?
7, 31
List the prime factors of 65305.
5, 37, 353
What are the prime factors of 166506?
2, 3, 27751
What are the prime factors of 139095?
3, 5, 11, 281
List the prime factors of 5404.
2, 7, 193
List the prime factors of 3827.
43, 89
List the prime factors of 2141.
2141
List the prime factors of 2725.
5, 109
List the prime factors of 19656.
2, 3, 7, 13
What are the prime factors of 36995?
5, 7, 151
What are the prime factors of 20036?
2, 5009
List the prime factors of 1118.
2, 13, 43
What are the prime factors of 14303?
14303
List the prime factors of 1036.
2, 7, 37
What are the prime factors of 27969?
3, 9323
List the prime factors of 91036.
2, 11, 2069
What are the prime factors of 63191?
29, 2179
List the prime factors of 1192.
2, 149
List the prime factors of 2371.
2371
List the prime factors of 1122.
2, 3, 11, 17
List the prime factors of 625.
5
What are the prime factors of 19142?
2, 17, 563
List the prime factors of 4182.
2, 3, 17, 41
List the prime factors of 3171.
3, 7, 151
List the prime factors of 18461.
18461
List the prime factors of 114.
2, 3, 19
What are the prime factors of 5807?
5807
What are the prime factors of 28552?
2, 43, 83
List the prime factors of 56806.
2, 28403
What are the prime factors of 2268?
2, 3, 7
List the prime factors of 8022.
2, 3, 7, 191
What are the prime factors of 56?
2, 7
List the prime factors of 56648.
2, 73, 97
List the prime factors of 5348.
2, 7, 191
List the prime factors of 36536.
2, 4567
List the prime factors of 1467.
3, 163
List the prime factors of 1637.
1637
What are the prime factors of 599?
599
What are the prime factors of 5194?
2, 7, 53
List the prime factors of 749.
7, 107
What are the prime factors of 190?
2, 5, 19
What are the prime factors of 42069?
3, 37, 379
List the prime factors of 5407.
5407
What are the prime factors of 1123?
1123
List the prime factors of 80331.
3, 26777
List the prime factors of 5378.
2, 2689
What are the prime factors of 2377?
2377
What are the prime factors of 34034?
2, 7, 11, 13, 17
What are the prime factors of 40112?
2, 23, 109
What are the prime factors of 43381?
13, 47, 71
List the prime factors of 492.
2, 3, 41
List the prime factors of 361.
19
What are the prime factors of 3397?
43, 79
What are the prime factors of 13746?
2, 3, 29, 79
What are the prime factors 